+ -2?
-95a094
In base 10, what is -10 + 6276?
6266
In base 16, what is -79371 - 2?
-79373
In base 13, what is -3c95 + 4?
-3c91
In base 5, what is -23 - -1040232?
1040204
In base 11, what is -4 - 3998?
-39a1
In base 2, what is 101000111010100001 + 11?
101000111010100100
In base 8, what is 670256 + 0?
670256
In base 10, what is 8 + 1863?
1871
In base 12, what is 3 - 14203?
-14200
In base 9, what is 1832101 + -1?
1832100
In base 16, what is 1 + -56d2?
-56d1
In base 15, what is -12 + -b0a?
-b1c
In base 16, what is -25 - 5d30?
-5d55
In base 11, what is -1a027 + 15?
-1a012
In base 4, what is 13203 + 211?
20020
In base 14, what is 94 - -1322?
13b6
In base 8, what is 110 + -2454?
-2344
In base 2, what is 10 - -110100101110010111000?
110100101110010111010
In base 4, what is 20 - -3011?
3031
In base 9, what is -38 - 72630?
-72668
In base 14, what is -36 + 499?
463
In base 5, what is -103033 - 111?
-103144
In base 12, what is -600b - -4?
-6007
In base 10, what is 30 + -26318?
-26288
In base 5, what is -20000 - 422?
-20422
In base 14, what is -2d + 301?
2b2
In base 9, what is -33841 + -15?
-33856
In base 5, what is 1410341 + -11?
1410330
In base 16, what is -60c + 39?
-5d3
In base 15, what is 1aae - 5?
1aa9
In base 5, what is 140402 - -10?
140412
In base 11, what is -49942 - -3?
-4993a
In base 2, what is 0 + 11110000000010?
11110000000010
In base 3, what is -10 + -22021120210?
-22021120220
In base 7, what is 1001530 + -5?
1001522
In base 6, what is -10 + -540553?
-541003
In base 12, what is 15544a7 - 5?
15544a2
In base 12, what is 30254 + 12?
30266
In base 11, what is -62113 + 4?
-6210a
In base 13, what is -1434c + -20?
-1436c
In base 14, what is 15c3 + 12a?
170d
In base 15, what is -2 + -49a?
-49c
In base 2, what is 1000101110001001 + -11?
1000101110000110
In base 14, what is 9acd - 5?
9ac8
In base 16, what is 3 + 16487?
1648a
In base 8, what is 52 - 20113?
-20041
In base 10, what is 7534 + -2?
7532
In base 4, what is 1 + -1222332?
-1222331
In base 7, what is 1160 + 20?
1210
In base 11, what is -22 - -29599?
29577
In base 4, what is 3102 - 222133?
-213031
In base 10, what is -70 - -35?
-35
In base 15, what is 263 + 43?
2a6
In base 2, what is 1001110100 - 111011?
1000111001
In base 15, what is -9e0a1 - -b?
-9e095
In base 10, what is 2390627 + -2?
2390625
In base 11, what is -3 - 3520?
-3523
In base 15, what is 4a + -490b?
-48b1
In base 6, what is -2 + -5332525?
-5332531
In base 2, what is 1001000001000010111 - 101?
1001000001000010010
In base 9, what is 358 + 285?
654
In base 3, what is -200222 + -20?
-201012
In base 5, what is 10 + -1134110?
-1134100
In base 9, what is -205 - 81?
-286
In base 16, what is -3 - -3cb?
3c8
In base 10, what is 98901 + 1?
98902
In base 3, what is -1 - 1221211011?
-1221211012
In base 2, what is -100100010000111 + -101?
-100100010001100
In base 16, what is -13dd7 - -5?
-13dd2
In base 13, what is 1c + -382?
-363
In base 10, what is 104447 + 3?
104450
In base 12, what is -2 - -7815?
7813
In base 15, what is -19 - -4cd?
4b4
In base 12, what is 32 + -144?
-112
In base 6, what is 14555 + 130?
15125
In base 12, what is -498 + 16a2?
1206
In base 15, what is 9ca - e9?
8d1
In base 2, what is -10 - 101101000011001111?
-101101000011010001
In base 7, what is -51514 + -42?
-51556
In base 6, what is 2111 + 252?
2403
In base 15, what is -16aa + 5e1?
-10b9
In base 13, what is -114911 + -2?
-114913
In base 5, what is -13400324 - -2?
-13400322
In base 15, what is -1b79 + -42?
-1bbb
In base 9, what is 2 + -6707?
-6705
In base 9, what is -5 - 177283?
-177288
In base 14, what is -5 + -d08d?
-d094
In base 14, what is 0 - 28956?
-28956
In base 9, what is 21 + -108420?
-108388
In base 4, what is -1201113 - 23?
-1201202
In base 14, what is 1db + -6a7?
-4aa
In base 7, what is -1 - 305634?
-305635
In base 8, what is 72 + 405?
477
In base 13, what is 1a520 - 73?
1a47a
In base 16, what is f789 - -10?
f799
In base 6, what is 1 - -2204304?
2204305
In base 6, what is 152545 + 31?
153020
In base 12, what is -3 + -6ab0?
-6ab3
In base 11, what is -2307 - -3a1?
-1a16
In base 4, what is -12 + -101201?
-101213
In base 5, what is 23142403 + -2?
23142401
In base 11, what is 6 - -140514?
14051a
In base 9, what is -5103 + -615?
-5718
In base 2, what is -1000011010 + 110101110110?
101101011100
In base 15, what is -13 - 17a0?
-17b3
In base 13, what is -4374c - -1c?
-43730
In base 2, what is -101101000001 - 1010111100?
-110111111101
In base 16, what is -18dd3 - 10?
-18de3
In base 4, what is -10102233121 + -2?
-10102233123
In base 13, what is -9c64 + 13?
-9c51
In base 7, what is -4 - -1334131?
1334124
In base 9, what is 108 - -34087?
34206
In base 2, what is -1 - -10100010001110101?
10100010001110100
In base 14, what is -2 + 16c1?
16bd
In base 6, what is -12000040 + 3?
-12000033
In base 9, what is -28 + 248782?
248753
In base 13, what is 23130 - -2?
23132
In base 5, what is -244 - -1202203?
1201404
In base 10, what is -43 - 7182?
-7225
In base 10, what is -1 + 6991?
6990
In base 5, what is 4 + 32212014?
32212023
In base 5, what is -23 + 444112?
444034
In base 8, what is 25037 - 4?
25033
In base 16, what is 7c4 - -35?
7f9
In base 11, what is -64394 - -2?
-64392
In base 8, what is 4336 - 100?
4236
In base 2, what is -111111 - -1101011111?
1100100000
In base 10, what is -60 - -13069?
13009
In base 12, what is -1395 - 14?
-13a9
In base 12, what is -150a9 + -1?
-150aa
In base 9, what is 3 + 2185457?
2185461
In base 4, what is 322212 - 1230?
320322
In base 5, what is -14211143 - 0?
-14211143
In base 10, what is 98409 - -19?
98428
In base 11, what is -202423 - 2?
-202425
In base 12, what is 3 + 8a8?
8ab
In base 11, what is 790 + 60a?
129a
In base 3, what is 2110111100 - 0?
2110111100
In base 8, what is 562347 - -3?
562352
In base 2, what is -11001011100110 + -11011?
-11001100000001
In base 15, what is -d7ba - 3?
-d7bd
In base 2, what is 111100 + 1011010?
10010110
In base 10, what is 5 - 18983?
-18978
In base 3, what is 20011100 - 102000?
12202100
In base 9, what is 1650 - -20?
1670
In base 8, what is -630 - -324?
-304
In base 10, what is -812 - -90?
-722
In base 4, what is -2010210 - -12?
-2010132
In base 4, what is -1320303002 + 10?
-1320302332
In base 2, what is -111101100 - -1000000?
-110101100
In base 16, what is 3 - c8577?
-c8574
In base 9, what is -28 - 724?
-753
In base 8, what is 10 + -15622?
-15612
In base 3, what is -1102102122 - -110?
-1102102012
In base 14, what is -41 + -77b?
-7bc
In base 4, what is 10111111 - -1123?
10112300
In base 3, what is -2022020200 - -2?
-2022020121
In base 10, what is 342 - -12?
354
In base 14, what is -28c01 + 2?
-28bdd
In base 13, what is 108c + 21?
10b0
In base 3, what is 0 + -202001222?
-202001222
In base 10, what is -53 + -56725?
-56778
In base 6, what is 513545 + 4?
513553
In base 5, what is 34 + -232422?
-232333
In base 13, what is 17a98 - -20?
17ab8
In base 13, what is -ba4b + 27?
-ba24
In base 15, what is 1d7 + 318?
500
In base 15, what is 411d + a?
4128
In base 7, what is -30 + -1210?
-1240
In base 15, what is 64 + 69e?
713
In base 2, what is -1111 - -10101001110101?
10101001100110
In base 4, what is 12 - -12102023?
12102101
In base 10, what is 80457 - 4?
80453
In base 15, what is -24a18 - -5?
-24a13
In base 4, what is -13233110 - -23?
-13233021
In base 11, what is 1 + 6289?
628a
In base 9, what is -24 - 235843?
-235867
In base 13, what is a772 + 8?
a77a
In base 6, what is -15 + -41032?
-41051
In base 9, what is 8 - 241126?
-241117
In base 4, what is -31 + -111012?
-111103
In base 9, what is -166143 - 32?
-166175
In base 15, what is -2a15 + 4?
-2a11
In base 10, what is -6 + 985?
979
In base 8, what is 234705 + 13?
234720
In base 3, what is 1 + -110001202020?
-110001202012
In base 5, what is -4 - -14301130?
14301121
In base 9, what is -7 + -1840?
-1847
In base 2, what is 111101111011100 - -10010101?
111110001110001
In base 12, what is -5a99 - 3?
-5aa0
In base 6, what is -1110 + 11535?
10425
In base 15, what is 1a4 + 16?
1ba
In base 14, what is d - -60c?
61b
In base 8, what is -116777 - -7?
-116770
In base 10, what is -568 - -191?
-377
In base 11, what is -5 - 15aa?
-1604
In base 10, what is 15667 - 20?
15647
In base 6, what is 12013001 - 5?
12012552
In base 5, what is 2210120 + 10?
2210130
In base 7, what is -103220324 - 5?
-103